{"id":1055,"date":"2017-02-17T12:42:03","date_gmt":"2017-02-17T11:42:03","guid":{"rendered":"http:\/\/ampelosetdeviris.com\/?page_id=1055"},"modified":"2025-05-13T14:57:00","modified_gmt":"2025-05-13T12:57:00","slug":"1055-2","status":"publish","type":"page","link":"https:\/\/ampelosetdeviris.com\/index.php\/les-invites\/1055-2\/","title":{"rendered":"Fran\u00e7ois D&rsquo;AUBERT"},"content":{"rendered":"[vc_row][vc_column][vc_single_image image=\u00a0\u00bb1816&Prime; img_size=\u00a0\u00bbfull\u00a0\u00bb css_animation=\u00a0\u00bbfadeInUp\u00a0\u00bb][vc_column_text]\n<h4><span style=\"color: #a01259;\">Magistrat \u00e0 la cour des comptes, ancien d\u00e9put\u00e9, ministre du budget et de la recherche, ancien maire de Laval et pr\u00e9sident de la cit\u00e9 des sciences et de l\u2019industrie.<\/span><\/h4>\n<h5>Il est \u00e9lu en 2009 secr\u00e9taire du Peer Review Group du forum mondial sur la transparence et l\u2019\u00e9change de renseignement charg\u00e9 de lutter contre la fraude fiscale en coop\u00e9ration avec l\u2019OCDE.<\/h5>\n[\/vc_column_text][vc_separator el_width=\u00a0\u00bb90&Prime;][\/vc_column][\/vc_row]\n","protected":false},"excerpt":{"rendered":"<p>[vc_row][vc_column][vc_single_image image=\u00a0\u00bb1816&Prime; img_size=\u00a0\u00bbfull\u00a0\u00bb css_animation=\u00a0\u00bbfadeInUp\u00a0\u00bb][vc_column_text] Magistrat \u00e0 la cour des comptes, ancien d\u00e9put\u00e9, ministre du budget et de la&#8230; <a class=\"excerpt-read-more\" href=\"https:\/\/ampelosetdeviris.com\/index.php\/les-invites\/1055-2\/\"><span>Continue Reading<\/span><\/a><\/p>\n","protected":false},"author":1,"featured_media":1816,"parent":355,"menu_order":0,"comment_status":"closed","ping_status":"closed","template":"","meta":{"footnotes":""},"class_list":["post-1055","page","type-page","status-publish","has-post-thumbnail","hentry"],"_links":{"self":[{"href":"https:\/\/ampelosetdeviris.com\/index.php\/wp-json\/wp\/v2\/pages\/1055","targetHints":{"allow":["GET"]}}],"collection":[{"href":"https:\/\/ampelosetdeviris.com\/index.php\/wp-json\/wp\/v2\/pages"}],"about":[{"href":"https:\/\/ampelosetdeviris.com\/index.php\/wp-json\/wp\/v2\/types\/page"}],"author":[{"embeddable":true,"href":"https:\/\/ampelosetdeviris.com\/index.php\/wp-json\/wp\/v2\/users\/1"}],"replies":[{"embeddable":true,"href":"https:\/\/ampelosetdeviris.com\/index.php\/wp-json\/wp\/v2\/comments?post=1055"}],"version-history":[{"count":9,"href":"https:\/\/ampelosetdeviris.com\/index.php\/wp-json\/wp\/v2\/pages\/1055\/revisions"}],"predecessor-version":[{"id":1830,"href":"https:\/\/ampelosetdeviris.com\/index.php\/wp-json\/wp\/v2\/pages\/1055\/revisions\/1830"}],"up":[{"embeddable":true,"href":"https:\/\/ampelosetdeviris.com\/index.php\/wp-json\/wp\/v2\/pages\/355"}],"wp:featuredmedia":[{"embeddable":true,"href":"https:\/\/ampelosetdeviris.com\/index.php\/wp-json\/wp\/v2\/media\/1816"}],"wp:attachment":[{"href":"https:\/\/ampelosetdeviris.com\/index.php\/wp-json\/wp\/v2\/media?parent=1055"}],"curies":[{"name":"wp","href":"https:\/\/api.w.org\/{rel}","templated":true}]}}

François D&rsquo;AUBERT

[vc_row][vc_column][vc_single_image image= »1816&Prime; img_size= »full » css_animation= »fadeInUp »][vc_column_text]
<h4><span style="color: #a01259;">Magistrat à la cour des comptes, ancien député, ministre du budget et de la recherche, ancien maire de Laval et président de la cité des sciences et de l’industrie.</span></h4>
<h5>Il est élu en 2009 secrétaire du Peer Review Group du forum mondial sur la transparence et l’échange de renseignement chargé de lutter contre la fraude fiscale en coopération avec l’OCDE.</h5>
[/vc_column_text][vc_separator el_width= »90&Prime;][/vc_column][/vc_row]

<p>[vc_row][vc_column][vc_single_image image= »1816&Prime; img_size= »full » css_animation= »fadeInUp »][vc_column_text] Magistrat à la cour des comptes, ancien député, ministre du budget et de la&#8230; <a class="excerpt-read-more" href="https://ampelosetdeviris.com/index.php/les-invites/1055-2/"><span>Continue Reading</span></a></p>
