{"id":1065,"date":"2017-02-17T12:54:14","date_gmt":"2017-02-17T11:54:14","guid":{"rendered":"http:\/\/ampelosetdeviris.com\/?page_id=1065"},"modified":"2019-02-07T16:53:16","modified_gmt":"2019-02-07T15:53:16","slug":"vladimir-fedorovski","status":"publish","type":"page","link":"https:\/\/ampelosetdeviris.com\/index.php\/les-invites\/vladimir-fedorovski\/","title":{"rendered":"Vladimir FEDOROVSKI"},"content":{"rendered":"[vc_row][vc_column][vc_single_image image=\u00a0\u00bb1643&Prime; img_size=\u00a0\u00bbfull\u00a0\u00bb css_animation=\u00a0\u00bbfadeInUp\u00a0\u00bb][vc_column_text]\n<h4><span style=\"color: #a01259;\">Ecrivain et ancien diplomate russe.<\/span><\/h4>\n<h5 style=\"text-align: justify;\">Il a d&rsquo;abord \u00e9t\u00e9 \u00e9l\u00e8ve \u00e0 l&rsquo;Institut d&rsquo;\u00c9tat des relations internationales de Moscou (MGIMO) o\u00f9 il acquiert une parfaite connaissance des langues anglaise, fran\u00e7aise et arabe. Il est l&rsquo;\u00e9crivain d&rsquo;origine russe le plus \u00e9dit\u00e9 en France3.<\/h5>\n<h5 style=\"text-align: justify;\">En 1972, il commence par travailler comme attach\u00e9 \u00e0 l&rsquo;ambassade sovi\u00e9tique de Mauritanie, puis il sert d&rsquo;interpr\u00e8te au Kremlin, assistant L\u00e9onid Brejnev dans ses rencontres avec les dirigeants des pays arabes. En 1977, il est nomm\u00e9 attach\u00e9 culturel \u00e0 l&rsquo;ambassade sovi\u00e9tique \u00e0 Paris, fr\u00e9quentant Dali, Chagall ou Aragon. En 1985, il passe un doctorat d&rsquo;\u00c9tat en histoire sur le r\u00f4le des cabinets dans l&rsquo;histoire de la diplomatie fran\u00e7aise.<\/h5>\n<h5 style=\"text-align: justify;\">De retour \u00e0 Moscou, il travaille au minist\u00e8re des Affaires \u00e9trang\u00e8res comme chef de cabinet du vice-ministre Vladimir Petrovski. Il sera ensuite nomm\u00e9 conseiller diplomatique pendant la p\u00e9riode de la glasnost pour laquelle il assure, de 1985 \u00e0 1990, la promotion de la perestro\u00efka en France avec comme objectif de faire na\u00eetre une nouvelle Russie, ouverte aux \u00e9changes et \u00e0 la technologie et arrim\u00e9e \u00e0 l&rsquo;Europe.<\/h5>\n<h5 style=\"text-align: justify;\">Lass\u00e9 par l&rsquo;incoh\u00e9rence de Gorbatchev il quitte la carri\u00e8re diplomatique en 1990 pour participer \u00e0 la cr\u00e9ation d&rsquo;un des premiers partis d\u00e9mocratiques russes\u00a0 : \u00ab\u00a0le Mouvement des r\u00e9formes d\u00e9mocratiques\u00a0\u00bb. S&rsquo;opposant \u00e0 la ligne dure du PCUS et du KGB, il est porte-parole du Mouvement des r\u00e9formes d\u00e9mocratiques pendant la r\u00e9sistance au putsch de Moscou d&rsquo;ao\u00fbt 1991.\u2028Il a publi\u00e9 une s\u00e9rie romanesque sur l&rsquo;histoire russe en trois volumes (Le Roman de Saint-P\u00e9tersbourg, Le Roman du Kremlin, et Le Roman de la Russie insolite) de 2003 \u00e0 2004.<\/h5>\n<h5 style=\"text-align: justify;\">Il a ensuite pu \u00e9crire Le Roman du Kremlin apr\u00e8s avoir eu acc\u00e8s aux archives in\u00e9dites du Kremlin. Il a fait r\u00e9cemment para\u00eetre Le Roman de Raspoutine, puis en mars 2013 \u00ab\u00a0le Roman des tsars\u00a0\u00bb s&rsquo;appuyant sur les recherches ADN et des archives in\u00e9dites. Il est aussi pr\u00e9sident d&rsquo;honneur de la F\u00e9d\u00e9ration fran\u00e7aise des Salons du livre.<\/h5>\n[\/vc_column_text][vc_separator el_width=\u00a0\u00bb90&Prime;][\/vc_column][\/vc_row]\n","protected":false},"excerpt":{"rendered":"<p>[vc_row][vc_column][vc_single_image image=\u00a0\u00bb1643&Prime; img_size=\u00a0\u00bbfull\u00a0\u00bb css_animation=\u00a0\u00bbfadeInUp\u00a0\u00bb][vc_column_text] Ecrivain et ancien diplomate russe. Il a d&rsquo;abord \u00e9t\u00e9 \u00e9l\u00e8ve \u00e0 l&rsquo;Institut d&rsquo;\u00c9tat des&#8230; <a class=\"excerpt-read-more\" href=\"https:\/\/ampelosetdeviris.com\/index.php\/les-invites\/vladimir-fedorovski\/\"><span>Continue Reading<\/span><\/a><\/p>\n","protected":false},"author":1,"featured_media":1643,"parent":355,"menu_order":0,"comment_status":"closed","ping_status":"closed","template":"","meta":{"footnotes":""},"class_list":["post-1065","page","type-page","status-publish","has-post-thumbnail","hentry"],"_links":{"self":[{"href":"https:\/\/ampelosetdeviris.com\/index.php\/wp-json\/wp\/v2\/pages\/1065","targetHints":{"allow":["GET"]}}],"collection":[{"href":"https:\/\/ampelosetdeviris.com\/index.php\/wp-json\/wp\/v2\/pages"}],"about":[{"href":"https:\/\/ampelosetdeviris.com\/index.php\/wp-json\/wp\/v2\/types\/page"}],"author":[{"embeddable":true,"href":"https:\/\/ampelosetdeviris.com\/index.php\/wp-json\/wp\/v2\/users\/1"}],"replies":[{"embeddable":true,"href":"https:\/\/ampelosetdeviris.com\/index.php\/wp-json\/wp\/v2\/comments?post=1065"}],"version-history":[{"count":5,"href":"https:\/\/ampelosetdeviris.com\/index.php\/wp-json\/wp\/v2\/pages\/1065\/revisions"}],"predecessor-version":[{"id":1652,"href":"https:\/\/ampelosetdeviris.com\/index.php\/wp-json\/wp\/v2\/pages\/1065\/revisions\/1652"}],"up":[{"embeddable":true,"href":"https:\/\/ampelosetdeviris.com\/index.php\/wp-json\/wp\/v2\/pages\/355"}],"wp:featuredmedia":[{"embeddable":true,"href":"https:\/\/ampelosetdeviris.com\/index.php\/wp-json\/wp\/v2\/media\/1643"}],"wp:attachment":[{"href":"https:\/\/ampelosetdeviris.com\/index.php\/wp-json\/wp\/v2\/media?parent=1065"}],"curies":[{"name":"wp","href":"https:\/\/api.w.org\/{rel}","templated":true}]}}

[vc_row][vc_column][vc_single_image image= »1643&Prime; img_size= »full » css_animation= »fadeInUp »][vc_column_text]
<h4><span style="color: #a01259;">Ecrivain et ancien diplomate russe.</span></h4>
<h5 style="text-align: justify;">Il a d&rsquo;abord été élève à l&rsquo;Institut d&rsquo;État des relations internationales de Moscou (MGIMO) où il acquiert une parfaite connaissance des langues anglaise, française et arabe. Il est l&rsquo;écrivain d&rsquo;origine russe le plus édité en France3.</h5>
<h5 style="text-align: justify;">En 1972, il commence par travailler comme attaché à l&rsquo;ambassade soviétique de Mauritanie, puis il sert d&rsquo;interprète au Kremlin, assistant Léonid Brejnev dans ses rencontres avec les dirigeants des pays arabes. En 1977, il est nommé attaché culturel à l&rsquo;ambassade soviétique à Paris, fréquentant Dali, Chagall ou Aragon. En 1985, il passe un doctorat d&rsquo;État en histoire sur le rôle des cabinets dans l&rsquo;histoire de la diplomatie française.</h5>
<h5 style="text-align: justify;">De retour à Moscou, il travaille au ministère des Affaires étrangères comme chef de cabinet du vice-ministre Vladimir Petrovski. Il sera ensuite nommé conseiller diplomatique pendant la période de la glasnost pour laquelle il assure, de 1985 à 1990, la promotion de la perestroïka en France avec comme objectif de faire naître une nouvelle Russie, ouverte aux échanges et à la technologie et arrimée à l&rsquo;Europe.</h5>
<h5 style="text-align: justify;">Lassé par l&rsquo;incohérence de Gorbatchev il quitte la carrière diplomatique en 1990 pour participer à la création d&rsquo;un des premiers partis démocratiques russes  : « le Mouvement des réformes démocratiques ». S&rsquo;opposant à la ligne dure du PCUS et du KGB, il est porte-parole du Mouvement des réformes démocratiques pendant la résistance au putsch de Moscou d&rsquo;août 1991. Il a publié une série romanesque sur l&rsquo;histoire russe en trois volumes (Le Roman de Saint-Pétersbourg, Le Roman du Kremlin, et Le Roman de la Russie insolite) de 2003 à 2004.</h5>
<h5 style="text-align: justify;">Il a ensuite pu écrire Le Roman du Kremlin après avoir eu accès aux archives inédites du Kremlin. Il a fait récemment paraître Le Roman de Raspoutine, puis en mars 2013 « le Roman des tsars » s&rsquo;appuyant sur les recherches ADN et des archives inédites. Il est aussi président d&rsquo;honneur de la Fédération française des Salons du livre.</h5>
[/vc_column_text][vc_separator el_width= »90&Prime;][/vc_column][/vc_row]

<p>[vc_row][vc_column][vc_single_image image= »1643&Prime; img_size= »full » css_animation= »fadeInUp »][vc_column_text] Ecrivain et ancien diplomate russe. Il a d&rsquo;abord été élève à l&rsquo;Institut d&rsquo;État des&#8230; <a class="excerpt-read-more" href="https://ampelosetdeviris.com/index.php/les-invites/vladimir-fedorovski/"><span>Continue Reading</span></a></p>
