{"id":1073,"date":"2017-02-17T13:04:03","date_gmt":"2017-02-17T12:04:03","guid":{"rendered":"http:\/\/ampelosetdeviris.com\/?page_id=1073"},"modified":"2025-05-13T15:10:04","modified_gmt":"2025-05-13T13:10:04","slug":"pere-reverend-thierry-marie-courau","status":"publish","type":"page","link":"https:\/\/ampelosetdeviris.com\/index.php\/les-invites\/pere-reverend-thierry-marie-courau\/","title":{"rendered":"Thierry-Marie COURAU"},"content":{"rendered":"[vc_row][vc_column][vc_single_image image=\u00a0\u00bb1816&Prime; img_size=\u00a0\u00bbfull\u00a0\u00bb css_animation=\u00a0\u00bbfadeInUp\u00a0\u00bb][vc_column_text]\n<h4><span style=\"color: #a01259;\">Doyen du Theologicum &#8211; Facult\u00e9 de Th\u00e9ologie et de Sciences religieuses.<\/span><\/h4>\n<h5 style=\"text-align: justify;\">Ing\u00e9nieur ENTPE, DESS en management et administration des entreprises, Docteur en th\u00e9ologie catholique, ancien tr\u00e9sorier d\u2019Eiffage il devient gestionnaire de portefeuilles chez INDOSUEZ et concepteur du Marketing de la place financi\u00e8re de Paris pour enfin int\u00e9grer la confr\u00e9rie des Dominicains.<\/h5>\n<h5 style=\"text-align: justify;\">Il est membre du Conseil pour les relations interreligieuses et les nouveaux mouvements religieux de la Conf\u00e9rence des \u00e9v\u00eaques de France, Pr\u00eatre r\u00e9f\u00e9rent aupr\u00e8s des autorit\u00e9s bouddhiques de la Conf\u00e9rence des \u00e9v\u00eaques de France et Pr\u00e9sident de la CICT-COCTI (Conf\u00e9rence des Institutions catholiques de Th\u00e9ologie)<\/h5>\n[\/vc_column_text][vc_separator el_width=\u00a0\u00bb90&Prime;][\/vc_column][\/vc_row]\n","protected":false},"excerpt":{"rendered":"<p>[vc_row][vc_column][vc_single_image image=\u00a0\u00bb1816&Prime; img_size=\u00a0\u00bbfull\u00a0\u00bb css_animation=\u00a0\u00bbfadeInUp\u00a0\u00bb][vc_column_text] Doyen du Theologicum &#8211; Facult\u00e9 de Th\u00e9ologie et de Sciences religieuses. Ing\u00e9nieur ENTPE, DESS&#8230; <a class=\"excerpt-read-more\" href=\"https:\/\/ampelosetdeviris.com\/index.php\/les-invites\/pere-reverend-thierry-marie-courau\/\"><span>Continue Reading<\/span><\/a><\/p>\n","protected":false},"author":1,"featured_media":0,"parent":355,"menu_order":0,"comment_status":"closed","ping_status":"closed","template":"","meta":{"footnotes":""},"class_list":["post-1073","page","type-page","status-publish","hentry"],"_links":{"self":[{"href":"https:\/\/ampelosetdeviris.com\/index.php\/wp-json\/wp\/v2\/pages\/1073","targetHints":{"allow":["GET"]}}],"collection":[{"href":"https:\/\/ampelosetdeviris.com\/index.php\/wp-json\/wp\/v2\/pages"}],"about":[{"href":"https:\/\/ampelosetdeviris.com\/index.php\/wp-json\/wp\/v2\/types\/page"}],"author":[{"embeddable":true,"href":"https:\/\/ampelosetdeviris.com\/index.php\/wp-json\/wp\/v2\/users\/1"}],"replies":[{"embeddable":true,"href":"https:\/\/ampelosetdeviris.com\/index.php\/wp-json\/wp\/v2\/comments?post=1073"}],"version-history":[{"count":11,"href":"https:\/\/ampelosetdeviris.com\/index.php\/wp-json\/wp\/v2\/pages\/1073\/revisions"}],"predecessor-version":[{"id":1847,"href":"https:\/\/ampelosetdeviris.com\/index.php\/wp-json\/wp\/v2\/pages\/1073\/revisions\/1847"}],"up":[{"embeddable":true,"href":"https:\/\/ampelosetdeviris.com\/index.php\/wp-json\/wp\/v2\/pages\/355"}],"wp:attachment":[{"href":"https:\/\/ampelosetdeviris.com\/index.php\/wp-json\/wp\/v2\/media?parent=1073"}],"curies":[{"name":"wp","href":"https:\/\/api.w.org\/{rel}","templated":true}]}}