{"id":1080,"date":"2017-02-17T13:13:42","date_gmt":"2017-02-17T12:13:42","guid":{"rendered":"http:\/\/ampelosetdeviris.com\/?page_id=1080"},"modified":"2025-05-13T15:00:51","modified_gmt":"2025-05-13T13:00:51","slug":"hubert-mongon","status":"publish","type":"page","link":"https:\/\/ampelosetdeviris.com\/index.php\/les-invites\/hubert-mongon\/","title":{"rendered":"Hubert MONGON"},"content":{"rendered":"[vc_row][vc_column][vc_single_image image=\u00a0\u00bb1816&Prime; img_size=\u00a0\u00bbfull\u00a0\u00bb css_animation=\u00a0\u00bbfadeInUp\u00a0\u00bb][vc_column_text]\n<h4><span style=\"color: #a01259;\">DRH France et Europe de Mc Donald.<\/span><\/h4>\n<h5 style=\"text-align: justify;\">Hubert Mongon a d\u00e9marr\u00e9 sa carri\u00e8re comme juriste au d\u00e9partement assistance et conseils au Groupe des industries m\u00e9tallurgiques (GIM). Il a ensuite rejoint le Groupe Bouygues o\u00f9 il a occup\u00e9 le poste d&rsquo;adjoint du directeur des Relations sociales de Bouygues SA (1989-92) avant d&rsquo;\u00eatre nomm\u00e9 responsable Ressources humaines chez Quille SA.<\/h5>\n<h5 style=\"text-align: justify;\">Il int\u00e8gre ensuite le Groupe Valeo o\u00f9 il occupe successivement les postes de DRH de la division D\u00e9marreurs branche Syst\u00e8mes \u00e9lectriques, puis de la branche Distribution (2000-01).\u2028Il rejoint McDonald&rsquo;s France en qualit\u00e9 de DRH avant d&rsquo;\u00eatre promu vice-pr\u00e9sident RH (depuis 2005) et Europe du Sud (depuis 2008).<\/h5>\n<h5 style=\"text-align: justify;\">En 2011, il est nomm\u00e9 senior vice-pr\u00e9sident RH de McDonald\u2019s France et Europe du Sud. Hubert Mongon occupe par ailleurs la fonction de pr\u00e9sident de la commission sociale du Syndicat national de l\u2019alimentation et de la restauration rapide (SNARR).<\/h5>\n<h5 style=\"text-align: justify;\">En 2009, il est distingu\u00e9 par le prix Hudson-Le Figaro du DRH de l\u2019ann\u00e9e.<\/h5>\n[\/vc_column_text][vc_separator el_width=\u00a0\u00bb90&Prime;][\/vc_column][\/vc_row]\n","protected":false},"excerpt":{"rendered":"<p>[vc_row][vc_column][vc_single_image image=\u00a0\u00bb1816&Prime; img_size=\u00a0\u00bbfull\u00a0\u00bb css_animation=\u00a0\u00bbfadeInUp\u00a0\u00bb][vc_column_text] DRH France et Europe de Mc Donald. Hubert Mongon a d\u00e9marr\u00e9 sa carri\u00e8re comme&#8230; <a class=\"excerpt-read-more\" href=\"https:\/\/ampelosetdeviris.com\/index.php\/les-invites\/hubert-mongon\/\"><span>Continue Reading<\/span><\/a><\/p>\n","protected":false},"author":1,"featured_media":1816,"parent":355,"menu_order":0,"comment_status":"closed","ping_status":"closed","template":"","meta":{"footnotes":""},"class_list":["post-1080","page","type-page","status-publish","has-post-thumbnail","hentry"],"_links":{"self":[{"href":"https:\/\/ampelosetdeviris.com\/index.php\/wp-json\/wp\/v2\/pages\/1080","targetHints":{"allow":["GET"]}}],"collection":[{"href":"https:\/\/ampelosetdeviris.com\/index.php\/wp-json\/wp\/v2\/pages"}],"about":[{"href":"https:\/\/ampelosetdeviris.com\/index.php\/wp-json\/wp\/v2\/types\/page"}],"author":[{"embeddable":true,"href":"https:\/\/ampelosetdeviris.com\/index.php\/wp-json\/wp\/v2\/users\/1"}],"replies":[{"embeddable":true,"href":"https:\/\/ampelosetdeviris.com\/index.php\/wp-json\/wp\/v2\/comments?post=1080"}],"version-history":[{"count":5,"href":"https:\/\/ampelosetdeviris.com\/index.php\/wp-json\/wp\/v2\/pages\/1080\/revisions"}],"predecessor-version":[{"id":1834,"href":"https:\/\/ampelosetdeviris.com\/index.php\/wp-json\/wp\/v2\/pages\/1080\/revisions\/1834"}],"up":[{"embeddable":true,"href":"https:\/\/ampelosetdeviris.com\/index.php\/wp-json\/wp\/v2\/pages\/355"}],"wp:featuredmedia":[{"embeddable":true,"href":"https:\/\/ampelosetdeviris.com\/index.php\/wp-json\/wp\/v2\/media\/1816"}],"wp:attachment":[{"href":"https:\/\/ampelosetdeviris.com\/index.php\/wp-json\/wp\/v2\/media?parent=1080"}],"curies":[{"name":"wp","href":"https:\/\/api.w.org\/{rel}","templated":true}]}}

[vc_row][vc_column][vc_single_image image= »1816&Prime; img_size= »full » css_animation= »fadeInUp »][vc_column_text]
<h4><span style="color: #a01259;">DRH France et Europe de Mc Donald.</span></h4>
<h5 style="text-align: justify;">Hubert Mongon a démarré sa carrière comme juriste au département assistance et conseils au Groupe des industries métallurgiques (GIM). Il a ensuite rejoint le Groupe Bouygues où il a occupé le poste d&rsquo;adjoint du directeur des Relations sociales de Bouygues SA (1989-92) avant d&rsquo;être nommé responsable Ressources humaines chez Quille SA.</h5>
<h5 style="text-align: justify;">Il intègre ensuite le Groupe Valeo où il occupe successivement les postes de DRH de la division Démarreurs branche Systèmes électriques, puis de la branche Distribution (2000-01). Il rejoint McDonald&rsquo;s France en qualité de DRH avant d&rsquo;être promu vice-président RH (depuis 2005) et Europe du Sud (depuis 2008).</h5>
<h5 style="text-align: justify;">En 2011, il est nommé senior vice-président RH de McDonald’s France et Europe du Sud. Hubert Mongon occupe par ailleurs la fonction de président de la commission sociale du Syndicat national de l’alimentation et de la restauration rapide (SNARR).</h5>
<h5 style="text-align: justify;">En 2009, il est distingué par le prix Hudson-Le Figaro du DRH de l’année.</h5>
[/vc_column_text][vc_separator el_width= »90&Prime;][/vc_column][/vc_row]

<p>[vc_row][vc_column][vc_single_image image= »1816&Prime; img_size= »full » css_animation= »fadeInUp »][vc_column_text] DRH France et Europe de Mc Donald. Hubert Mongon a démarré sa carrière comme&#8230; <a class="excerpt-read-more" href="https://ampelosetdeviris.com/index.php/les-invites/hubert-mongon/"><span>Continue Reading</span></a></p>
