{"id":1082,"date":"2017-02-17T13:15:48","date_gmt":"2017-02-17T12:15:48","guid":{"rendered":"http:\/\/ampelosetdeviris.com\/?page_id=1082"},"modified":"2025-05-13T14:44:17","modified_gmt":"2025-05-13T12:44:17","slug":"catherine-nay","status":"publish","type":"page","link":"https:\/\/ampelosetdeviris.com\/index.php\/les-invites\/catherine-nay\/","title":{"rendered":"Catherine NAY"},"content":{"rendered":"[vc_row][vc_column][vc_single_image image=\u00a0\u00bb1816&Prime; img_size=\u00a0\u00bbfull\u00a0\u00bb css_animation=\u00a0\u00bbfadeInUp\u00a0\u00bb][vc_column_text]\n<h4><span style=\"color: #a01259;\">Editorialiste politique.<\/span><\/h4>\n<h5>Elle d\u00e9bute au service politique de L&rsquo;Express de Jean-Jacques Servan-Schreiber. Catherine Nay a ensuite effectu\u00e9 l&rsquo;essentiel de sa carri\u00e8re \u00e0 Europe 1 \u00e0 partir de 1975 en tant qu\u2019\u00e9ditorialiste politique.<\/h5>\n<h5>En 2005, elle devient conseill\u00e8re aupr\u00e8s du pr\u00e9sident d&rsquo;Europe 1 Jean-Pierre Elkabbach. En 2012 para\u00eet son dernier ouvrage&nbsp; \u00ab&nbsp; L&rsquo;Imp\u00e9tueux&nbsp; : Tourments, tourmentes, crises et temp\u00eates&nbsp; \u00bb o\u00f9 elle recompose l\u2019histoire du quinquennat de Nicolas Sarkozy.<\/h5>\n[\/vc_column_text][vc_separator el_width=\u00a0\u00bb90&Prime;][\/vc_column][\/vc_row]\n","protected":false},"excerpt":{"rendered":"<p>[vc_row][vc_column][vc_single_image image=\u00a0\u00bb1816&Prime; img_size=\u00a0\u00bbfull\u00a0\u00bb css_animation=\u00a0\u00bbfadeInUp\u00a0\u00bb][vc_column_text] Editorialiste politique. Elle d\u00e9bute au service politique de L&rsquo;Express de Jean-Jacques Servan-Schreiber. Catherine Nay&#8230; <a class=\"excerpt-read-more\" href=\"https:\/\/ampelosetdeviris.com\/index.php\/les-invites\/catherine-nay\/\"><span>Continue Reading<\/span><\/a><\/p>\n","protected":false},"author":1,"featured_media":1816,"parent":355,"menu_order":0,"comment_status":"closed","ping_status":"closed","template":"","meta":{"footnotes":""},"class_list":["post-1082","page","type-page","status-publish","has-post-thumbnail","hentry"],"_links":{"self":[{"href":"https:\/\/ampelosetdeviris.com\/index.php\/wp-json\/wp\/v2\/pages\/1082","targetHints":{"allow":["GET"]}}],"collection":[{"href":"https:\/\/ampelosetdeviris.com\/index.php\/wp-json\/wp\/v2\/pages"}],"about":[{"href":"https:\/\/ampelosetdeviris.com\/index.php\/wp-json\/wp\/v2\/types\/page"}],"author":[{"embeddable":true,"href":"https:\/\/ampelosetdeviris.com\/index.php\/wp-json\/wp\/v2\/users\/1"}],"replies":[{"embeddable":true,"href":"https:\/\/ampelosetdeviris.com\/index.php\/wp-json\/wp\/v2\/comments?post=1082"}],"version-history":[{"count":10,"href":"https:\/\/ampelosetdeviris.com\/index.php\/wp-json\/wp\/v2\/pages\/1082\/revisions"}],"predecessor-version":[{"id":1823,"href":"https:\/\/ampelosetdeviris.com\/index.php\/wp-json\/wp\/v2\/pages\/1082\/revisions\/1823"}],"up":[{"embeddable":true,"href":"https:\/\/ampelosetdeviris.com\/index.php\/wp-json\/wp\/v2\/pages\/355"}],"wp:featuredmedia":[{"embeddable":true,"href":"https:\/\/ampelosetdeviris.com\/index.php\/wp-json\/wp\/v2\/media\/1816"}],"wp:attachment":[{"href":"https:\/\/ampelosetdeviris.com\/index.php\/wp-json\/wp\/v2\/media?parent=1082"}],"curies":[{"name":"wp","href":"https:\/\/api.w.org\/{rel}","templated":true}]}}