{"id":1087,"date":"2017-02-17T13:20:23","date_gmt":"2017-02-17T12:20:23","guid":{"rendered":"http:\/\/ampelosetdeviris.com\/?page_id=1087"},"modified":"2019-02-07T16:51:07","modified_gmt":"2019-02-07T15:51:07","slug":"thibault-lanxade","status":"publish","type":"page","link":"https:\/\/ampelosetdeviris.com\/index.php\/les-invites\/thibault-lanxade\/","title":{"rendered":"Thibault LANXADE"},"content":{"rendered":"[vc_row][vc_column][vc_single_image image=\u00a0\u00bb1644&Prime; img_size=\u00a0\u00bbfull\u00a0\u00bb css_animation=\u00a0\u00bbfadeInUp\u00a0\u00bb][vc_column_text]\n<h4 style=\"text-align: justify;\"><span style=\"color: #a01259;\">Candidat \u00e0 la pr\u00e9sidence du MEDEF 2013.<\/span><\/h4>\n<h5 style=\"text-align: justify;\">Il a commenc\u00e9 sa carri\u00e8re en 1996 chez Shell comme chef de secteur puis comme secr\u00e9taire g\u00e9n\u00e9ral et directeur des op\u00e9rations d\u2019une filiale. En 2004, il est nomm\u00e9 charg\u00e9 de mission \u00e0 la Direction de la Strat\u00e9gie chez Butagaz, puis Pr\u00e9sident Directeur G\u00e9n\u00e9ral de la filiale Gazinox.<\/h5>\n<h5 style=\"text-align: justify;\">En 2005, il fonde le Syndicat Europ\u00e9en de la Connectique GAZ (SECG) participant \u00e0 promouvoir la s\u00e9curit\u00e9 des consommateurs. Il a pr\u00e9sid\u00e9 ce syndicat professionnel primaire jusqu\u2019en 2007.<\/h5>\n<h5 style=\"text-align: justify;\">C\u2019est en 2008, qu\u2019il s\u2019est lanc\u00e9 dans la cr\u00e9ation avec Aqoba, une start-up dynamique qui propose des cartes de paiement sur mesure. Dans la foul\u00e9e, il cr\u00e9e l\u2019Association Fran\u00e7aise des Etablissements de Paiement et de Monnaie Electronique (Afepame) dont il est aujourd&rsquo;hui Vice-Pr\u00e9sident.<\/h5>\n<h5 style=\"text-align: justify;\">Il est entr\u00e9 au Conseil ex\u00e9cutif du Conseil pour la Diffusion de la Culture Economique. Egalement engag\u00e9 au Medef, Laurence Parisot l&rsquo;a charg\u00e9 du \u00ab\u00a0 Small Business Act\u00a0 \u00bb en 2009, qui a abouti \u00e0 la proposition de seize mesures pour renforcer la place des PME dans l\u2019organisation de l\u2019\u00e9conomie fran\u00e7aise.<\/h5>\n<h5 style=\"text-align: justify;\">En 2006, il a fond\u00e9 l&rsquo;Association Positive Entreprise, un think tank qui milite pour le rapprochement des jeunes et de l&rsquo;entreprise.<\/h5>\n<h5 style=\"text-align: justify;\">Thibault Lanxade publie \u201cUn patronat pour quoi faire, treize regards crois\u00e9s\u201d, avec la volont\u00e9 d&rsquo;amorcer un d\u00e9bat autour de six propositions pour r\u00e9former le patronat.<\/h5>\n[\/vc_column_text][vc_separator el_width=\u00a0\u00bb90&Prime;][\/vc_column][\/vc_row]\n","protected":false},"excerpt":{"rendered":"<p>[vc_row][vc_column][vc_single_image image=\u00a0\u00bb1644&Prime; img_size=\u00a0\u00bbfull\u00a0\u00bb css_animation=\u00a0\u00bbfadeInUp\u00a0\u00bb][vc_column_text] Candidat \u00e0 la pr\u00e9sidence du MEDEF 2013. Il a commenc\u00e9 sa carri\u00e8re en 1996&#8230; <a class=\"excerpt-read-more\" href=\"https:\/\/ampelosetdeviris.com\/index.php\/les-invites\/thibault-lanxade\/\"><span>Continue Reading<\/span><\/a><\/p>\n","protected":false},"author":1,"featured_media":1644,"parent":355,"menu_order":0,"comment_status":"closed","ping_status":"closed","template":"","meta":{"footnotes":""},"class_list":["post-1087","page","type-page","status-publish","has-post-thumbnail","hentry"],"_links":{"self":[{"href":"https:\/\/ampelosetdeviris.com\/index.php\/wp-json\/wp\/v2\/pages\/1087","targetHints":{"allow":["GET"]}}],"collection":[{"href":"https:\/\/ampelosetdeviris.com\/index.php\/wp-json\/wp\/v2\/pages"}],"about":[{"href":"https:\/\/ampelosetdeviris.com\/index.php\/wp-json\/wp\/v2\/types\/page"}],"author":[{"embeddable":true,"href":"https:\/\/ampelosetdeviris.com\/index.php\/wp-json\/wp\/v2\/users\/1"}],"replies":[{"embeddable":true,"href":"https:\/\/ampelosetdeviris.com\/index.php\/wp-json\/wp\/v2\/comments?post=1087"}],"version-history":[{"count":4,"href":"https:\/\/ampelosetdeviris.com\/index.php\/wp-json\/wp\/v2\/pages\/1087\/revisions"}],"predecessor-version":[{"id":1650,"href":"https:\/\/ampelosetdeviris.com\/index.php\/wp-json\/wp\/v2\/pages\/1087\/revisions\/1650"}],"up":[{"embeddable":true,"href":"https:\/\/ampelosetdeviris.com\/index.php\/wp-json\/wp\/v2\/pages\/355"}],"wp:featuredmedia":[{"embeddable":true,"href":"https:\/\/ampelosetdeviris.com\/index.php\/wp-json\/wp\/v2\/media\/1644"}],"wp:attachment":[{"href":"https:\/\/ampelosetdeviris.com\/index.php\/wp-json\/wp\/v2\/media?parent=1087"}],"curies":[{"name":"wp","href":"https:\/\/api.w.org\/{rel}","templated":true}]}}

[vc_row][vc_column][vc_single_image image= »1644&Prime; img_size= »full » css_animation= »fadeInUp »][vc_column_text]
<h4 style="text-align: justify;"><span style="color: #a01259;">Candidat à la présidence du MEDEF 2013.</span></h4>
<h5 style="text-align: justify;">Il a commencé sa carrière en 1996 chez Shell comme chef de secteur puis comme secrétaire général et directeur des opérations d’une filiale. En 2004, il est nommé chargé de mission à la Direction de la Stratégie chez Butagaz, puis Président Directeur Général de la filiale Gazinox.</h5>
<h5 style="text-align: justify;">En 2005, il fonde le Syndicat Européen de la Connectique GAZ (SECG) participant à promouvoir la sécurité des consommateurs. Il a présidé ce syndicat professionnel primaire jusqu’en 2007.</h5>
<h5 style="text-align: justify;">C’est en 2008, qu’il s’est lancé dans la création avec Aqoba, une start-up dynamique qui propose des cartes de paiement sur mesure. Dans la foulée, il crée l’Association Française des Etablissements de Paiement et de Monnaie Electronique (Afepame) dont il est aujourd&rsquo;hui Vice-Président.</h5>
<h5 style="text-align: justify;">Il est entré au Conseil exécutif du Conseil pour la Diffusion de la Culture Economique. Egalement engagé au Medef, Laurence Parisot l&rsquo;a chargé du «  Small Business Act  » en 2009, qui a abouti à la proposition de seize mesures pour renforcer la place des PME dans l’organisation de l’économie française.</h5>
<h5 style="text-align: justify;">En 2006, il a fondé l&rsquo;Association Positive Entreprise, un think tank qui milite pour le rapprochement des jeunes et de l&rsquo;entreprise.</h5>
<h5 style="text-align: justify;">Thibault Lanxade publie “Un patronat pour quoi faire, treize regards croisés”, avec la volonté d&rsquo;amorcer un débat autour de six propositions pour réformer le patronat.</h5>
[/vc_column_text][vc_separator el_width= »90&Prime;][/vc_column][/vc_row]

<p>[vc_row][vc_column][vc_single_image image= »1644&Prime; img_size= »full » css_animation= »fadeInUp »][vc_column_text] Candidat à la présidence du MEDEF 2013. Il a commencé sa carrière en 1996&#8230; <a class="excerpt-read-more" href="https://ampelosetdeviris.com/index.php/les-invites/thibault-lanxade/"><span>Continue Reading</span></a></p>
