{"id":1101,"date":"2017-02-17T13:35:19","date_gmt":"2017-02-17T12:35:19","guid":{"rendered":"http:\/\/ampelosetdeviris.com\/?page_id=1101"},"modified":"2025-05-13T15:03:01","modified_gmt":"2025-05-13T13:03:01","slug":"jean-peyrelevade","status":"publish","type":"page","link":"https:\/\/ampelosetdeviris.com\/index.php\/les-invites\/jean-peyrelevade\/","title":{"rendered":"Jean PEYRELEVADE"},"content":{"rendered":"[vc_row][vc_column][vc_single_image image=\u00a0\u00bb1816&Prime; img_size=\u00a0\u00bbfull\u00a0\u00bb css_animation=\u00a0\u00bbfadeInUp\u00a0\u00bb][vc_column_text]\n<h4><span style=\"color: #a01259;\">Dipl\u00f4m\u00e9 de l\u2019\u00c9cole Polytechnique, de l\u2019Institut d&rsquo;\u00e9tudes politiques et ing\u00e9nieur en chef de l&rsquo;aviation civile.<\/span><\/h4>\n<h5 style=\"text-align: justify;\">Il a commenc\u00e9 sa carri\u00e8re en 1963 au minist\u00e8re des Transports, o\u00f9 il a travaill\u00e9 pendant dix ans sur les grands programmes de construction a\u00e9ronautique civile. Quittant la fonction publique, il entre au d\u00e9but des ann\u00e9es 1970 au Cr\u00e9dit lyonnais o\u00f9 il travaille sur le financement des \u00e9changes internationaux. \u00c0 ce titre, il cr\u00e9e le service des Financements a\u00e9ronautiques, qui finance toutes les exportations d&rsquo;Airbus.<\/h5>\n<h5 style=\"text-align: justify;\">Jean Peyrelevade est nomm\u00e9 \u00e0 la t\u00eate de grandes entreprises contr\u00f4l\u00e9es par l&rsquo;\u00c9tat : pr\u00e9sident de Suez de 1983 \u00e0 1986, de la Banque Stern de 1986 \u00e0 1988, de l&rsquo;UAP de 1988 \u00e0 1993, et du Cr\u00e9dit lyonnais de 1993 \u00e0 2003.<\/h5>\n<h5 style=\"text-align: justify;\">\u00c0 partir de 2004, il rejoint le secteur priv\u00e9 et coop\u00e8re avec la banque d&rsquo;affaires europ\u00e9enne Leonardo &amp; Co. Il est aussi administrateur de plusieurs soci\u00e9t\u00e9s fran\u00e7aises ou europ\u00e9ennes de premier plan : Bouygues, BG Bonnard &amp; Gardel Holding SA, Saur.<\/h5>\n<h5 style=\"text-align: justify;\">Il est aussi membre du conseil de surveillance de KLM.\u2028Dans le domaine politique, Jean Peyrelevade s&rsquo;est toujours pr\u00e9sent\u00e9 comme un homme de centre-gauche. Nomm\u00e9 en 1981 directeur adjoint du cabinet de Pierre Mauroy et conseiller \u00e9conomique du Premier ministre, il g\u00e8re les nationalisations, tout en professant son scepticisme sur leur int\u00e9r\u00eat.<\/h5>\n<h5 style=\"text-align: justify;\">Longtemps professeur d\u2019\u00e9conomie \u00e0 l\u2019\u00c9cole polytechnique, il a \u00e9crit des ouvrages sur l\u2019\u00e9volution du capitalisme contemporain. Jean Peyrelevade soutient Fran\u00e7ois Bayrou lors de l&rsquo;\u00e9lection pr\u00e9sidentielle fran\u00e7aise de 2007, et rejoint son \u00e9quipe de campagne pour s&rsquo;occuper du programme \u00e9conomique. En 2012, il est membre du comit\u00e9 strat\u00e9gique de campagne de Fran\u00e7ois Bayrou.<\/h5>\n[\/vc_column_text][vc_separator el_width=\u00a0\u00bb90&Prime;][\/vc_column][\/vc_row]\n","protected":false},"excerpt":{"rendered":"<p>[vc_row][vc_column][vc_single_image image=\u00a0\u00bb1816&Prime; img_size=\u00a0\u00bbfull\u00a0\u00bb css_animation=\u00a0\u00bbfadeInUp\u00a0\u00bb][vc_column_text] Dipl\u00f4m\u00e9 de l\u2019\u00c9cole Polytechnique, de l\u2019Institut d&rsquo;\u00e9tudes politiques et ing\u00e9nieur en chef de l&rsquo;aviation&#8230; <a class=\"excerpt-read-more\" href=\"https:\/\/ampelosetdeviris.com\/index.php\/les-invites\/jean-peyrelevade\/\"><span>Continue Reading<\/span><\/a><\/p>\n","protected":false},"author":1,"featured_media":1816,"parent":355,"menu_order":0,"comment_status":"closed","ping_status":"closed","template":"","meta":{"footnotes":""},"class_list":["post-1101","page","type-page","status-publish","has-post-thumbnail","hentry"],"_links":{"self":[{"href":"https:\/\/ampelosetdeviris.com\/index.php\/wp-json\/wp\/v2\/pages\/1101","targetHints":{"allow":["GET"]}}],"collection":[{"href":"https:\/\/ampelosetdeviris.com\/index.php\/wp-json\/wp\/v2\/pages"}],"about":[{"href":"https:\/\/ampelosetdeviris.com\/index.php\/wp-json\/wp\/v2\/types\/page"}],"author":[{"embeddable":true,"href":"https:\/\/ampelosetdeviris.com\/index.php\/wp-json\/wp\/v2\/users\/1"}],"replies":[{"embeddable":true,"href":"https:\/\/ampelosetdeviris.com\/index.php\/wp-json\/wp\/v2\/comments?post=1101"}],"version-history":[{"count":5,"href":"https:\/\/ampelosetdeviris.com\/index.php\/wp-json\/wp\/v2\/pages\/1101\/revisions"}],"predecessor-version":[{"id":1837,"href":"https:\/\/ampelosetdeviris.com\/index.php\/wp-json\/wp\/v2\/pages\/1101\/revisions\/1837"}],"up":[{"embeddable":true,"href":"https:\/\/ampelosetdeviris.com\/index.php\/wp-json\/wp\/v2\/pages\/355"}],"wp:featuredmedia":[{"embeddable":true,"href":"https:\/\/ampelosetdeviris.com\/index.php\/wp-json\/wp\/v2\/media\/1816"}],"wp:attachment":[{"href":"https:\/\/ampelosetdeviris.com\/index.php\/wp-json\/wp\/v2\/media?parent=1101"}],"curies":[{"name":"wp","href":"https:\/\/api.w.org\/{rel}","templated":true}]}}

[vc_row][vc_column][vc_single_image image= »1816&Prime; img_size= »full » css_animation= »fadeInUp »][vc_column_text]
<h4><span style="color: #a01259;">Diplômé de l’École Polytechnique, de l’Institut d&rsquo;études politiques et ingénieur en chef de l&rsquo;aviation civile.</span></h4>
<h5 style="text-align: justify;">Il a commencé sa carrière en 1963 au ministère des Transports, où il a travaillé pendant dix ans sur les grands programmes de construction aéronautique civile. Quittant la fonction publique, il entre au début des années 1970 au Crédit lyonnais où il travaille sur le financement des échanges internationaux. À ce titre, il crée le service des Financements aéronautiques, qui finance toutes les exportations d&rsquo;Airbus.</h5>
<h5 style="text-align: justify;">Jean Peyrelevade est nommé à la tête de grandes entreprises contrôlées par l&rsquo;État : président de Suez de 1983 à 1986, de la Banque Stern de 1986 à 1988, de l&rsquo;UAP de 1988 à 1993, et du Crédit lyonnais de 1993 à 2003.</h5>
<h5 style="text-align: justify;">À partir de 2004, il rejoint le secteur privé et coopère avec la banque d&rsquo;affaires européenne Leonardo &amp; Co. Il est aussi administrateur de plusieurs sociétés françaises ou européennes de premier plan : Bouygues, BG Bonnard &amp; Gardel Holding SA, Saur.</h5>
<h5 style="text-align: justify;">Il est aussi membre du conseil de surveillance de KLM. Dans le domaine politique, Jean Peyrelevade s&rsquo;est toujours présenté comme un homme de centre-gauche. Nommé en 1981 directeur adjoint du cabinet de Pierre Mauroy et conseiller économique du Premier ministre, il gère les nationalisations, tout en professant son scepticisme sur leur intérêt.</h5>
<h5 style="text-align: justify;">Longtemps professeur d’économie à l’École polytechnique, il a écrit des ouvrages sur l’évolution du capitalisme contemporain. Jean Peyrelevade soutient François Bayrou lors de l&rsquo;élection présidentielle française de 2007, et rejoint son équipe de campagne pour s&rsquo;occuper du programme économique. En 2012, il est membre du comité stratégique de campagne de François Bayrou.</h5>
[/vc_column_text][vc_separator el_width= »90&Prime;][/vc_column][/vc_row]

<p>[vc_row][vc_column][vc_single_image image= »1816&Prime; img_size= »full » css_animation= »fadeInUp »][vc_column_text] Diplômé de l’École Polytechnique, de l’Institut d&rsquo;études politiques et ingénieur en chef de l&rsquo;aviation&#8230; <a class="excerpt-read-more" href="https://ampelosetdeviris.com/index.php/les-invites/jean-peyrelevade/"><span>Continue Reading</span></a></p>
