{"id":1745,"date":"2020-05-19T15:54:21","date_gmt":"2020-05-19T13:54:21","guid":{"rendered":"http:\/\/ampelosetdeviris.com\/?page_id=1745"},"modified":"2025-05-13T15:03:49","modified_gmt":"2025-05-13T13:03:49","slug":"jean-christophe-fromantin","status":"publish","type":"page","link":"https:\/\/ampelosetdeviris.com\/index.php\/les-invites\/jean-christophe-fromantin\/","title":{"rendered":"Jean-Christophe FROMENTIN"},"content":{"rendered":"[vc_row][vc_column][vc_single_image image=\u00a0\u00bb1816&Prime; img_size=\u00a0\u00bbfull\u00a0\u00bb][vc_column_text]\n<h4><span style=\"color: #993366;\">Jean-Christophe Fromantin, n\u00e9 le 30 ao\u00fbt 1962 \u00e0 Nantes, est un chef d&rsquo;entreprise et homme politique fran\u00e7ais.<\/span><\/h4>\n<h5 style=\"text-align: justify;\">Maire de Neuilly-sur-Seine depuis 2008, il est conseiller g\u00e9n\u00e9ral des Hauts-de-Seine entre 2011 et 2012. En 2011, il lance son parti politique Territoires en mouvement, avant d&rsquo;\u00eatre \u00e9lu l&rsquo;ann\u00e9e suivante d\u00e9put\u00e9 de la sixi\u00e8me circonscription des Hauts-de-Seine. Il ne se repr\u00e9sente pas en 2017. Jean-Christophe Fromantin est pr\u00e9sident d&rsquo;ExpoFrance 2025, qui porte la candidature de la France \u00e0 l&rsquo;exposition universelle de 2025.<\/h5>\n[\/vc_column_text][\/vc_column][\/vc_row]\n","protected":false},"excerpt":{"rendered":"<p>[vc_row][vc_column][vc_single_image image=\u00a0\u00bb1816&Prime; img_size=\u00a0\u00bbfull\u00a0\u00bb][vc_column_text] Jean-Christophe Fromantin, n\u00e9 le 30 ao\u00fbt 1962 \u00e0 Nantes, est un chef d&rsquo;entreprise et homme&#8230; <a class=\"excerpt-read-more\" href=\"https:\/\/ampelosetdeviris.com\/index.php\/les-invites\/jean-christophe-fromantin\/\"><span>Continue Reading<\/span><\/a><\/p>\n","protected":false},"author":1,"featured_media":1816,"parent":355,"menu_order":0,"comment_status":"closed","ping_status":"closed","template":"","meta":{"footnotes":""},"class_list":["post-1745","page","type-page","status-publish","has-post-thumbnail","hentry"],"_links":{"self":[{"href":"https:\/\/ampelosetdeviris.com\/index.php\/wp-json\/wp\/v2\/pages\/1745","targetHints":{"allow":["GET"]}}],"collection":[{"href":"https:\/\/ampelosetdeviris.com\/index.php\/wp-json\/wp\/v2\/pages"}],"about":[{"href":"https:\/\/ampelosetdeviris.com\/index.php\/wp-json\/wp\/v2\/types\/page"}],"author":[{"embeddable":true,"href":"https:\/\/ampelosetdeviris.com\/index.php\/wp-json\/wp\/v2\/users\/1"}],"replies":[{"embeddable":true,"href":"https:\/\/ampelosetdeviris.com\/index.php\/wp-json\/wp\/v2\/comments?post=1745"}],"version-history":[{"count":7,"href":"https:\/\/ampelosetdeviris.com\/index.php\/wp-json\/wp\/v2\/pages\/1745\/revisions"}],"predecessor-version":[{"id":1838,"href":"https:\/\/ampelosetdeviris.com\/index.php\/wp-json\/wp\/v2\/pages\/1745\/revisions\/1838"}],"up":[{"embeddable":true,"href":"https:\/\/ampelosetdeviris.com\/index.php\/wp-json\/wp\/v2\/pages\/355"}],"wp:featuredmedia":[{"embeddable":true,"href":"https:\/\/ampelosetdeviris.com\/index.php\/wp-json\/wp\/v2\/media\/1816"}],"wp:attachment":[{"href":"https:\/\/ampelosetdeviris.com\/index.php\/wp-json\/wp\/v2\/media?parent=1745"}],"curies":[{"name":"wp","href":"https:\/\/api.w.org\/{rel}","templated":true}]}}

[vc_row][vc_column][vc_single_image image= »1816&Prime; img_size= »full »][vc_column_text]
<h4><span style="color: #993366;">Jean-Christophe Fromantin, né le 30 août 1962 à Nantes, est un chef d&rsquo;entreprise et homme politique français.</span></h4>
<h5 style="text-align: justify;">Maire de Neuilly-sur-Seine depuis 2008, il est conseiller général des Hauts-de-Seine entre 2011 et 2012. En 2011, il lance son parti politique Territoires en mouvement, avant d&rsquo;être élu l&rsquo;année suivante député de la sixième circonscription des Hauts-de-Seine. Il ne se représente pas en 2017. Jean-Christophe Fromantin est président d&rsquo;ExpoFrance 2025, qui porte la candidature de la France à l&rsquo;exposition universelle de 2025.</h5>
[/vc_column_text][/vc_column][/vc_row]

<p>[vc_row][vc_column][vc_single_image image= »1816&Prime; img_size= »full »][vc_column_text] Jean-Christophe Fromantin, né le 30 août 1962 à Nantes, est un chef d&rsquo;entreprise et homme&#8230; <a class="excerpt-read-more" href="https://ampelosetdeviris.com/index.php/les-invites/jean-christophe-fromantin/"><span>Continue Reading</span></a></p>
