{"id":1764,"date":"2020-05-19T16:12:20","date_gmt":"2020-05-19T14:12:20","guid":{"rendered":"http:\/\/ampelosetdeviris.com\/?page_id=1764"},"modified":"2025-05-13T14:45:34","modified_gmt":"2025-05-13T12:45:34","slug":"christophe-barbier","status":"publish","type":"page","link":"https:\/\/ampelosetdeviris.com\/index.php\/les-invites\/christophe-barbier\/","title":{"rendered":"Christophe BARBIER"},"content":{"rendered":"[vc_row][vc_column][vc_single_image image=\u00a0\u00bb1816&Prime; img_size=\u00a0\u00bbfull\u00a0\u00bb][vc_column_text]\n<h4><span style=\"color: #993366;\">N\u00e9 le 25 janvier 1967 \u00e0 Sallanches (Haute-Savoie), est un journaliste et \u00e9ditorialiste fran\u00e7ais.<\/span><\/h4>\n<h5>Il est directeur de r\u00e9daction de l&rsquo;hebdomadaire L&rsquo;Express entre ao\u00fbt 2006 et octobre 2016 et est chroniqueur sur BFM TV.<\/h5>\n[\/vc_column_text][\/vc_column][\/vc_row]\n","protected":false},"excerpt":{"rendered":"<p>[vc_row][vc_column][vc_single_image image=\u00a0\u00bb1816&Prime; img_size=\u00a0\u00bbfull\u00a0\u00bb][vc_column_text] N\u00e9 le 25 janvier 1967 \u00e0 Sallanches (Haute-Savoie), est un journaliste et \u00e9ditorialiste fran\u00e7ais. Il&#8230; <a class=\"excerpt-read-more\" href=\"https:\/\/ampelosetdeviris.com\/index.php\/les-invites\/christophe-barbier\/\"><span>Continue Reading<\/span><\/a><\/p>\n","protected":false},"author":1,"featured_media":1816,"parent":355,"menu_order":0,"comment_status":"closed","ping_status":"closed","template":"","meta":{"footnotes":""},"class_list":["post-1764","page","type-page","status-publish","has-post-thumbnail","hentry"],"_links":{"self":[{"href":"https:\/\/ampelosetdeviris.com\/index.php\/wp-json\/wp\/v2\/pages\/1764","targetHints":{"allow":["GET"]}}],"collection":[{"href":"https:\/\/ampelosetdeviris.com\/index.php\/wp-json\/wp\/v2\/pages"}],"about":[{"href":"https:\/\/ampelosetdeviris.com\/index.php\/wp-json\/wp\/v2\/types\/page"}],"author":[{"embeddable":true,"href":"https:\/\/ampelosetdeviris.com\/index.php\/wp-json\/wp\/v2\/users\/1"}],"replies":[{"embeddable":true,"href":"https:\/\/ampelosetdeviris.com\/index.php\/wp-json\/wp\/v2\/comments?post=1764"}],"version-history":[{"count":2,"href":"https:\/\/ampelosetdeviris.com\/index.php\/wp-json\/wp\/v2\/pages\/1764\/revisions"}],"predecessor-version":[{"id":1825,"href":"https:\/\/ampelosetdeviris.com\/index.php\/wp-json\/wp\/v2\/pages\/1764\/revisions\/1825"}],"up":[{"embeddable":true,"href":"https:\/\/ampelosetdeviris.com\/index.php\/wp-json\/wp\/v2\/pages\/355"}],"wp:featuredmedia":[{"embeddable":true,"href":"https:\/\/ampelosetdeviris.com\/index.php\/wp-json\/wp\/v2\/media\/1816"}],"wp:attachment":[{"href":"https:\/\/ampelosetdeviris.com\/index.php\/wp-json\/wp\/v2\/media?parent=1764"}],"curies":[{"name":"wp","href":"https:\/\/api.w.org\/{rel}","templated":true}]}}

[vc_row][vc_column][vc_single_image image= »1816&Prime; img_size= »full »][vc_column_text]
<h4><span style="color: #993366;">Né le 25 janvier 1967 à Sallanches (Haute-Savoie), est un journaliste et éditorialiste français.</span></h4>
<h5>Il est directeur de rédaction de l&rsquo;hebdomadaire L&rsquo;Express entre août 2006 et octobre 2016 et est chroniqueur sur BFM TV.</h5>
[/vc_column_text][/vc_column][/vc_row]

<p>[vc_row][vc_column][vc_single_image image= »1816&Prime; img_size= »full »][vc_column_text] Né le 25 janvier 1967 à Sallanches (Haute-Savoie), est un journaliste et éditorialiste français. Il&#8230; <a class="excerpt-read-more" href="https://ampelosetdeviris.com/index.php/les-invites/christophe-barbier/"><span>Continue Reading</span></a></p>
