{"id":1770,"date":"2016-05-19T16:30:16","date_gmt":"2016-05-19T14:30:16","guid":{"rendered":"http:\/\/ampelosetdeviris.com\/?page_id=1770"},"modified":"2025-04-30T14:12:19","modified_gmt":"2025-04-30T12:12:19","slug":"pascal-picq","status":"publish","type":"page","link":"https:\/\/ampelosetdeviris.com\/index.php\/les-invites\/pascal-picq\/","title":{"rendered":"Pascal PICQ"},"content":{"rendered":"[vc_row][vc_column][vc_single_image image=\u00a0\u00bb1816&Prime; img_size=\u00a0\u00bbfull\u00a0\u00bb][vc_column_text]\n<h4><span style=\"color: #993366;\">Pal\u00e9oanthropologue, ma\u00eetre de conf\u00e9rences au Coll\u00e8ge de France \u00e0 partir de 1991.<\/span><\/h4>\n<h5>Pendant la p\u00e9riode o\u00f9 Yves Coppens \u00e9tait titulaire de la chaire de pal\u00e9oanthropologie et pr\u00e9histoire (1983-2005). N&rsquo;\u00e9tant pas professeur \u00e9lu par l&rsquo;Assembl\u00e9e, il n&rsquo;y a dispens\u00e9 aucun enseignement, mais a particip\u00e9 \u00e0 certaines recherches.<br \/>\nPascal Picq est un auteur prolifique sur l&rsquo;origine de l&rsquo;Homme et son \u00e9volution, et s&rsquo;est fait connaitre du grand public par ses nombreux ouvrages de vulgarisation scientifique.<\/h5>\n[\/vc_column_text][\/vc_column][\/vc_row]\n","protected":false},"excerpt":{"rendered":"<p>[vc_row][vc_column][vc_single_image image=\u00a0\u00bb1816&Prime; img_size=\u00a0\u00bbfull\u00a0\u00bb][vc_column_text] Pal\u00e9oanthropologue, ma\u00eetre de conf\u00e9rences au Coll\u00e8ge de France \u00e0 partir de 1991. Pendant la p\u00e9riode&#8230; <a class=\"excerpt-read-more\" href=\"https:\/\/ampelosetdeviris.com\/index.php\/les-invites\/pascal-picq\/\"><span>Continue Reading<\/span><\/a><\/p>\n","protected":false},"author":1,"featured_media":1816,"parent":355,"menu_order":0,"comment_status":"closed","ping_status":"closed","template":"","meta":{"footnotes":""},"class_list":["post-1770","page","type-page","status-publish","has-post-thumbnail","hentry"],"_links":{"self":[{"href":"https:\/\/ampelosetdeviris.com\/index.php\/wp-json\/wp\/v2\/pages\/1770","targetHints":{"allow":["GET"]}}],"collection":[{"href":"https:\/\/ampelosetdeviris.com\/index.php\/wp-json\/wp\/v2\/pages"}],"about":[{"href":"https:\/\/ampelosetdeviris.com\/index.php\/wp-json\/wp\/v2\/types\/page"}],"author":[{"embeddable":true,"href":"https:\/\/ampelosetdeviris.com\/index.php\/wp-json\/wp\/v2\/users\/1"}],"replies":[{"embeddable":true,"href":"https:\/\/ampelosetdeviris.com\/index.php\/wp-json\/wp\/v2\/comments?post=1770"}],"version-history":[{"count":3,"href":"https:\/\/ampelosetdeviris.com\/index.php\/wp-json\/wp\/v2\/pages\/1770\/revisions"}],"predecessor-version":[{"id":1818,"href":"https:\/\/ampelosetdeviris.com\/index.php\/wp-json\/wp\/v2\/pages\/1770\/revisions\/1818"}],"up":[{"embeddable":true,"href":"https:\/\/ampelosetdeviris.com\/index.php\/wp-json\/wp\/v2\/pages\/355"}],"wp:featuredmedia":[{"embeddable":true,"href":"https:\/\/ampelosetdeviris.com\/index.php\/wp-json\/wp\/v2\/media\/1816"}],"wp:attachment":[{"href":"https:\/\/ampelosetdeviris.com\/index.php\/wp-json\/wp\/v2\/media?parent=1770"}],"curies":[{"name":"wp","href":"https:\/\/api.w.org\/{rel}","templated":true}]}}

[vc_row][vc_column][vc_single_image image= »1816&Prime; img_size= »full »][vc_column_text]
<h4><span style="color: #993366;">Paléoanthropologue, maître de conférences au Collège de France à partir de 1991.</span></h4>
<h5>Pendant la période où Yves Coppens était titulaire de la chaire de paléoanthropologie et préhistoire (1983-2005). N&rsquo;étant pas professeur élu par l&rsquo;Assemblée, il n&rsquo;y a dispensé aucun enseignement, mais a participé à certaines recherches.<br />
Pascal Picq est un auteur prolifique sur l&rsquo;origine de l&rsquo;Homme et son évolution, et s&rsquo;est fait connaitre du grand public par ses nombreux ouvrages de vulgarisation scientifique.</h5>
[/vc_column_text][/vc_column][/vc_row]

<p>[vc_row][vc_column][vc_single_image image= »1816&Prime; img_size= »full »][vc_column_text] Paléoanthropologue, maître de conférences au Collège de France à partir de 1991. Pendant la période&#8230; <a class="excerpt-read-more" href="https://ampelosetdeviris.com/index.php/les-invites/pascal-picq/"><span>Continue Reading</span></a></p>
