{"id":301,"date":"2017-02-01T13:00:58","date_gmt":"2017-02-01T12:00:58","guid":{"rendered":"http:\/\/ampelosetdeviris.com\/?page_id=301"},"modified":"2024-06-19T17:12:22","modified_gmt":"2024-06-19T15:12:22","slug":"le-club-de-reflexion-reunit-les-acteurs-majeurs-du-monde-de-lentreprise","status":"publish","type":"page","link":"https:\/\/ampelosetdeviris.com\/","title":{"rendered":"ACCUEIL"},"content":{"rendered":"[vc_row][vc_column][rev_slider_vc alias=\u00a0\u00bbdazzle\u00a0\u00bb][\/vc_column][\/vc_row][vc_row content_placement=\u00a0\u00bbmiddle\u00a0\u00bb css_animation=\u00a0\u00bbfadeInUp\u00a0\u00bb el_id=\u00a0\u00bbleclub\u00a0\u00bb css=\u00a0\u00bb.vc_custom_1486661552869{margin-right: -300px !important;margin-left: -300px !important;padding-right: 300px !important;padding-left: 300px !important;background-image: url(http:\/\/ampelosetdeviris.com\/wp-content\/uploads\/2017\/02\/fond.jpg?id=917) !important;}\u00a0\u00bb][vc_column][vc_empty_space height=\u00a0\u00bb62&Prime;]<div class=\"title-center\"><div class=\"dt-title-wrapper section-title-big\"><h2 class=\"section-title\">Le Club<\/h2><span class=\"section-line\"><\/span><\/div><\/div>[vc_column_text css_animation=\u00a0\u00bbfadeInUp\u00a0\u00bb css=\u00a0\u00bb.vc_custom_1550837295047{padding-right: 30px !important;padding-left: 30px !important;}\u00a0\u00bb]\n<h5 style=\"text-align: justify;\"><strong>Ampelos &amp; de Viris, le Club de r\u00e9flexion d\u2019IN&amp;EX Consulting r\u00e9unit les acteurs majeurs du monde de l\u2019entreprise.<\/strong> Tous les trimestres, les membres du Club accueillent une personnalit\u00e9 reconnue pour son expertise. Organis\u00e9 sous la forme d\u2019un d\u00eener d\u00e9bat dans des lieux hors du commun, l\u2019invit\u00e9 et les participants \u00e9changent sur des sujets de l\u2019actualit\u00e9 \u00e9conomique, sociale et\/ou culturelle.<\/h5>\n<h5>Chaque d\u00eener est l&rsquo;occasion de d\u00e9couvrir et d\u00e9guster des vins s\u00e9lectionn\u00e9s pour leurs qualit\u00e9s ou leur originalit\u00e9.<\/h5>\n<h5 style=\"text-align: justify;\"><em>\u00ab\u00a0J\u2019ai cr\u00e9\u00e9 le Club Ampelos et de Viris en 2006 en voulant instaurer un lieu de partage et de convivialit\u00e9 o\u00f9 se retrouveraient les acteurs du monde de l\u2019entreprise. Des personnes venant d\u2019horizons tr\u00e8s diff\u00e9rents mais qui auraient la volont\u00e9 commune de d\u00e9battre, partager et apprendre des uns et des autres. C\u2019est ce que nous faisons tous les trimestres en accueillant une personnalit\u00e9 reconnue afin de discuter de l\u2019actualit\u00e9 \u00e9conomique, sociale ou culturelle.\u2028 \u00bb<\/em><\/h5>\n<h5 style=\"text-align: right;\"><strong>Michel-Laurent Guithaux<\/strong>, Fondateur du Club Ampelos &amp; de Viris.<\/h5>\n[\/vc_column_text][vc_empty_space height=\u00a0\u00bb32&Prime;][\/vc_column][\/vc_row][vc_row css=\u00a0\u00bb.vc_custom_1487775803211{margin-right: -200px !important;margin-left: -200px !important;padding-right: 200px !important;padding-left: 200px !important;background-color: #424242 !important;}\u00a0\u00bb][vc_column width=\u00a0\u00bb1\/4&Prime;][vc_single_image image=\u00a0\u00bb445&Prime; img_size=\u00a0\u00bb167&#215;250&Prime; alignment=\u00a0\u00bbcenter\u00a0\u00bb][\/vc_column][vc_column width=\u00a0\u00bb3\/4&Prime; css=\u00a0\u00bb.vc_custom_1548697164677{padding-right: -200px !important;}\u00a0\u00bb][vc_column_text]\n<h5 style=\"text-align: justify;\"><span style=\"color: #ffffff;\"><em>\u00a0 \u00ab D\u00e8s les d\u00e9buts du cabinet j&rsquo;ai souhait\u00e9 cr\u00e9er quelque chose qui puisse maintenir le contact entre les clients, les partenaires \u00e9conomiques et autres parties prenantes de mon activit\u00e9 de conseil. Je souhaitais un \u00e9v\u00e8nement r\u00e9gulier, o\u00f9 les gens pourraient se rencontrer et partager leurs exp\u00e9riences, leurs points de vus et leurs visions sur des sujets concernant l&rsquo;actualit\u00e9 sociale, \u00e9conomique et\/ou artistique : le Club Ampelos et de Viris \u00e9tait n\u00e9. Ce club r\u00e9unit une vingtaine de membres avec une base commune: tous sont entrepreneurs, chefs d&rsquo;entreprises ou des cadres sup\u00e9rieurs avec d&rsquo;importantes responsabilit\u00e9s. Les exp\u00e9riences sont riches et vari\u00e9es avec la pr\u00e9sence de consultants en management et organisation, d&rsquo;avocats, d&rsquo;experts comptables, de directeurs commerciaux, de responsables ressources humaines&#8230; cette richesse des parcours et des comp\u00e9tences donne une teneur particuli\u00e8re au d\u00e9bat qui \u00e0 lieu durant la soir\u00e9e. Ces d\u00e9bats sont constamment anim\u00e9s par une personnalit\u00e9 qui partage son exp\u00e9rience et sa vision puis qui lance et oriente la discussion tout au long de la soir\u00e9e. C&rsquo;est un moment particulier o\u00f9 nous nous retrouvons tous, apprenons, \u00e9changeons et d\u00e9battons dans le but de comprendre l&rsquo;environnement complexe dans lequel nous \u00e9voluons tous. Charles Van Haecke, fondateur des Espoirs du Management, m&rsquo;apporte son aide pour la partie organisationnelle et la s\u00e9lection des invit\u00e9s.\u00a0\u00bb<\/em><\/span><\/h5>\n<h5 style=\"text-align: right;\"><span style=\"color: #ffffff;\"><strong>Michel-Laurent Guithaux, <\/strong>Pr\u00e9sident d&rsquo;IN&amp;EX Consulting, Fondateur du Club Ampelos &amp; de Viris <\/span><\/h5>\n<h5 style=\"text-align: justify;\">\u00a0<\/h5>\n[\/vc_column_text][\/vc_column][\/vc_row][vc_row content_placement=\u00a0\u00bbmiddle\u00a0\u00bb css_animation=\u00a0\u00bbnone\u00a0\u00bb][vc_column css_animation=\u00a0\u00bbfadeInUp\u00a0\u00bb][vc_empty_space][vc_separator el_width=\u00a0\u00bb60&Prime;]<section class=\"delicious-grid  trigger-\" id=\"gridwrapper_beb\" data-token=\"PWW4a\"><div class=\"grid-meta align-center\"><section id=\"filter_options\" class=\"centered-wrapper dt-hide-filters\"><ul id=\"filters\" class=\"option-set clearfix\" data-option-key=\"filter\"><li class=\"all-projects\"><a data-filter=\"*\" class=\"selected\">All<\/a><\/li><\/ul><\/section><\/div><div class=\"half-space\"><\/div><section id=\"portfolio-wrapper\"><ul class=\"portfolio dt-gap-2 isotope text-on-thumbnail style-all mfp-gallery grid_beb\"><li class=\" grid-item dt-project-1706  item-small is-grid\"><a class=\"img-anchor\" href=\"http:\/\/ampelosetdeviris.com\/index.php\/calendrier-des-diners\/\"><img decoding=\"async\" src=\"https:\/\/ampelosetdeviris.com\/wp-content\/uploads\/2019\/03\/shutterstock_140803711-d-379x294.jpg\" alt=\"\" \/><div class=\"grid-item-on-hover\"><div class=\"grid-text\"><h3>Calendrier des d\u00eeners<\/h3><div class=\"grid-item-cat\"><\/div><\/div><\/div><\/a><\/li><li class=\" grid-item dt-project-350  item-high is-grid\"><a class=\"img-anchor\" href=\"http:\/\/ampelosetdeviris.com\/index.php\/les-invites\/\"><img decoding=\"async\" src=\"https:\/\/ampelosetdeviris.com\/wp-content\/uploads\/2017\/02\/Planche-contact-002-389x629.jpg\" alt=\"\" \/><div class=\"grid-item-on-hover\"><div class=\"grid-text\"><h3>Les invit\u00e9s<\/h3><div class=\"grid-item-cat\"><\/div><\/div><\/div><\/a><\/li><li class=\" grid-item dt-project-419  item-small is-grid\"><a class=\"img-anchor\" href=\"http:\/\/ampelosetdeviris.com\/index.php\/les-vins\/\"><img decoding=\"async\" src=\"https:\/\/ampelosetdeviris.com\/wp-content\/uploads\/2016\/10\/shutterstock_249292000-1-379x294.jpg\" alt=\"\" \/><div class=\"grid-item-on-hover\"><div class=\"grid-text\"><h3>Les vins<\/h3><div class=\"grid-item-cat\"><\/div><\/div><\/div><\/a><\/li><li class=\" grid-item dt-project-425  item-small is-grid\"><a class=\"img-anchor\" href=\"http:\/\/ampelosetdeviris.com\/index.php\/actualites\/\"><img decoding=\"async\" src=\"https:\/\/ampelosetdeviris.com\/wp-content\/uploads\/2017\/02\/GMo-20151025-FaceOcean-r-379x294.jpg\" alt=\"\" \/><div class=\"grid-item-on-hover\"><div class=\"grid-text\"><h3>Actualit\u00e9s<\/h3><div class=\"grid-item-cat\"><\/div><\/div><\/div><\/a><\/li><li class=\" grid-item dt-project-423  item-small is-grid\"><a class=\"img-anchor\" href=\"http:\/\/ampelosetdeviris.com\/index.php\/les-evenements\/\"><img decoding=\"async\" src=\"https:\/\/ampelosetdeviris.com\/wp-content\/uploads\/2016\/10\/shutterstock_115303447-1-379x294.jpg\" alt=\"\" \/><div class=\"grid-item-on-hover\"><div class=\"grid-text\"><h3>Les \u00c9v\u00e9nements<\/h3><div class=\"grid-item-cat\"><\/div><\/div><\/div><\/a><\/li><\/ul><\/section><\/section>[vc_empty_space height=\u00a0\u00bb52&Prime;][vc_separator el_width=\u00a0\u00bb60&Prime;][\/vc_column][\/vc_row][vc_row][vc_column][\/vc_column][\/vc_row][vc_row css=\u00a0\u00bb.vc_custom_1486573755774{margin-right: -150px !important;margin-left: -150px !important;padding-right: 100px !important;padding-left: 100px !important;background-image: url(http:\/\/ampelosetdeviris.com\/wp-content\/uploads\/2017\/02\/chiffres-5.jpg?id=878) !important;}\u00a0\u00bb][vc_column width=\u00a0\u00bb1\/4&Prime; dt_animation=\u00a0\u00bbwow fadeIn\u00a0\u00bb]<div class=\"counter-wrapper\"><div class=\"counter-item no-border\"><span class=\"counter-number\" data-decimals=\"0\" data-from=\"1\" data-to=\"12\" data-speed=\"2000\"><\/span><div class=\"zig-zag\"><\/div><span class=\"counter-text\">ANS D&#039;EXISTENCE<\/span><\/div><div class=\"clear\"><\/div><\/div>[\/vc_column][vc_column width=\u00a0\u00bb1\/4&Prime;]<div class=\"counter-wrapper\"><div class=\"counter-item no-border\"><span class=\"counter-number\" data-decimals=\"0\" data-from=\"1\" data-to=\"5\" data-speed=\"2000\"><\/span><div class=\"zig-zag\"><\/div><span class=\"counter-text\">D\u00ceNERS PAR AN<\/span><\/div><div class=\"clear\"><\/div><\/div>[\/vc_column][vc_column width=\u00a0\u00bb1\/4&Prime;]<div class=\"counter-wrapper\"><div class=\"counter-item no-border\"><span class=\"counter-number\" data-decimals=\"0\" data-from=\"1\" data-to=\"70\" data-speed=\"2000\"><\/span><div class=\"zig-zag\"><\/div><span class=\"counter-text\">INVIT\u00c9S<\/span><\/div><div class=\"clear\"><\/div><\/div>[\/vc_column][vc_column width=\u00a0\u00bb1\/4&Prime;]<div class=\"counter-wrapper\"><div class=\"counter-item no-border\"><span class=\"counter-number\" data-decimals=\"0\" data-from=\"1\" data-to=\"150\" data-speed=\"2000\"><\/span><div class=\"zig-zag\"><\/div><span class=\"counter-text\">VINS D\u00c9GUST\u00c9S<\/span><\/div><div class=\"clear\"><\/div><\/div>[\/vc_column][\/vc_row][vc_row][vc_column][vc_separator el_width=\u00a0\u00bb60&Prime;][vc_empty_space height=\u00a0\u00bb52&Prime;]<div class=\"title-center\"><div class=\"dt-title-wrapper section-title-big\"><h2 class=\"section-title\">Contact<\/h2><span class=\"section-line\"><\/span><\/div><\/div>[\/vc_column][\/vc_row][vc_row][vc_column][vc_column_text] [\/vc_column_text][\/vc_column][\/vc_row]\n[vc_row full_width=\u00a0\u00bbstretch_row\u00a0\u00bb content_placement=\u00a0\u00bbtop\u00a0\u00bb][vc_column width=\u00a0\u00bb1\/3&Prime;][vc_column_text]\n<h5 style=\"text-align: center;\">EMAIL <img loading=\"lazy\" decoding=\"async\" class=\"size-full wp-image-951 aligncenter\" src=\"http:\/\/ampelosetdeviris.com\/wp-content\/uploads\/2017\/02\/filet2.jpg\" alt=\"\" width=\"25\" height=\"20\" \/><span style=\"font-size: 10pt;\">mlg@inex-consulting.com<\/span><\/h5>\n[\/vc_column_text][\/vc_column][vc_column width=\u00a0\u00bb1\/3&Prime;][vc_column_text]\n<h5 style=\"text-align: center;\">ADRESSE <img loading=\"lazy\" decoding=\"async\" class=\"size-full wp-image-951 aligncenter\" src=\"http:\/\/ampelosetdeviris.com\/wp-content\/uploads\/2017\/02\/filet2.jpg\" alt=\"\" width=\"25\" height=\"20\" \/>47 Boulevard de Courcelles 75008 Paris<\/h5>\n[\/vc_column_text][\/vc_column][vc_column width=\u00a0\u00bb1\/3&Prime;][vc_column_text]\n<h5 style=\"text-align: center;\">T\u00c9L\u00c9PHONE <img loading=\"lazy\" decoding=\"async\" class=\"size-full wp-image-951 aligncenter\" src=\"http:\/\/ampelosetdeviris.com\/wp-content\/uploads\/2017\/02\/filet2.jpg\" alt=\"\" width=\"25\" height=\"20\" \/>33 (0)6 63 14 50 50<\/h5>\n[\/vc_column_text][\/vc_column][\/vc_row]\n","protected":false},"excerpt":{"rendered":"<p>[vc_row][vc_column][rev_slider_vc alias=\u00a0\u00bbdazzle\u00a0\u00bb][\/vc_column][\/vc_row][vc_row content_placement=\u00a0\u00bbmiddle\u00a0\u00bb css_animation=\u00a0\u00bbfadeInUp\u00a0\u00bb el_id=\u00a0\u00bbleclub\u00a0\u00bb css=\u00a0\u00bb.vc_custom_1486661552869{margin-right: -300px !important;margin-left: -300px !important;padding-right: 300px !important;padding-left: 300px !important;background-image: url(http:\/\/ampelosetdeviris.com\/wp-content\/uploads\/2017\/02\/fond.jpg?id=917) !important;}\u00a0\u00bb][vc_column][vc_empty_space height=\u00a0\u00bb62&Prime;][vc_column_text css_animation=\u00a0\u00bbfadeInUp\u00a0\u00bb&#8230; <a class=\"excerpt-read-more\" href=\"https:\/\/ampelosetdeviris.com\/index.php\/portfolio\/evenements\/\"><span>Continue Reading<\/span><\/a><\/p>\n","protected":false},"author":1,"featured_media":0,"parent":0,"menu_order":0,"comment_status":"closed","ping_status":"closed","template":"template-homepage.php","meta":{"footnotes":""},"class_list":["post-301","page","type-page","status-publish","hentry"],"_links":{"self":[{"href":"https:\/\/ampelosetdeviris.com\/index.php\/wp-json\/wp\/v2\/pages\/301","targetHints":{"allow":["GET"]}}],"collection":[{"href":"https:\/\/ampelosetdeviris.com\/index.php\/wp-json\/wp\/v2\/pages"}],"about":[{"href":"https:\/\/ampelosetdeviris.com\/index.php\/wp-json\/wp\/v2\/types\/page"}],"author":[{"embeddable":true,"href":"https:\/\/ampelosetdeviris.com\/index.php\/wp-json\/wp\/v2\/users\/1"}],"replies":[{"embeddable":true,"href":"https:\/\/ampelosetdeviris.com\/index.php\/wp-json\/wp\/v2\/comments?post=301"}],"version-history":[{"count":233,"href":"https:\/\/ampelosetdeviris.com\/index.php\/wp-json\/wp\/v2\/pages\/301\/revisions"}],"predecessor-version":[{"id":1686,"href":"https:\/\/ampelosetdeviris.com\/index.php\/wp-json\/wp\/v2\/pages\/301\/revisions\/1686"}],"wp:attachment":[{"href":"https:\/\/ampelosetdeviris.com\/index.php\/wp-json\/wp\/v2\/media?parent=301"}],"curies":[{"name":"wp","href":"https:\/\/api.w.org\/{rel}","templated":true}]}}